 + 2*s + 23 = -2*w. What is the units digit of w?
1
Let o(y) = y + 6. Let w be o(-6). Suppose -5*x + w = -15. Suppose -6 = -r - x. What is the units digit of r?
3
Suppose 3*l + l - 8 = -b, 2*l + b - 2 = 0. Suppose -17 = l*f + 1. Let m(j) = -j - 1. What is the units digit of m(f)?
5
Let q = 489 + -337. What is the tens digit of q?
5
Suppose 0 = 2*i + 3 - 9. Suppose 2*w + 72 - 19 = i*v, -79 = -5*v + w. What is the tens digit of v?
1
Let c be 2 + -1*3 + 2. Let a = -1 + c. Suppose a = -2*q - 2*q + 32. What is the units digit of q?
8
Suppose 0 = 7*r - 2*r - 40. Let t = 3 + r. What is the units digit of t?
1
Let l = 8 + -5. Suppose l = k, 2*w = w + 4*k - 3. What is the units digit of w?
9
Let i = -10 - -139. What is the hundreds digit of i?
1
Let f be 2*(-3)/6 - -6. Suppose 2*z + y = 1 + f, 0 = 5*z - y - 29. Let j = 4 + z. What is the units digit of j?
9
Let x = 21 + -16. What is the units digit of x?
5
Let g(a) = 2*a**2 - 10*a - 5. Let l be g(6). Let r = 1 + l. What is the units digit of r?
8
What is the units digit of 1/((-2)/(-660)*3)?
0
Let k = -15 - -9. Let l be ((-16)/k)/(5/(-15)). Let c = 0 - l. What is the units digit of c?
8
Let m(r) = r**3 - 6*r**2 + r - 2. What is the units digit of m(6)?
4
Let b = -38 - -25. Let a = -7 - b. What is the units digit of a?
6
Let u(f) = -f - 1. Let n be u(0). What is the units digit of 44/(-2*(0 + n))?
2
Suppose -5*u = -5*p - 465, 0*u - 3*p = -u + 93. Suppose -7*w - u = -10*w. What is the units digit of w?
1
Let c(z) = -3*z - 1. Let f be c(-1). Suppose f*r - 17 = -3*j + r, -3*j - 4*r = -32. What is the units digit of j?
4
Suppose y - o = -0 - 2, 3*o = y + 6. What is the units digit of (y/(-3))/2 - -1?
1
Let a(u) = -2*u**2 - 11*u - 7. Let s(l) = -l**2 - 6*l - 4. Let k(t) = 4*a(t) - 7*s(t). What is the units digit of k(-1)?
1
Suppose -12 = 4*r, -4*x - x + 10 = 5*r. Let o = -4 + x. Let w = o + 2. What is the units digit of w?
3
Suppose -g - 7 = d - 1, -5*g + d - 6 = 0. What is the tens digit of (-78)/g*3/9?
1
Suppose 0 = 2*j - 3 - 9. Let c(u) = -1 + 0*u + 0 - u + j*u**2. What is the units digit of c(-1)?
6
Let b = -165 - -403. What is the units digit of b?
8
Let g(y) = 2*y**2 - 6*y. Let i be g(6). Suppose 0 = -4*a + 2*p + 52, -17 = -3*a - 2*p + i. What is the tens digit of a?
1
Suppose -f - 5*n = -40, 233 = 5*f + 3*n + 77. What is the units digit of f?
0
Let m be 0 + -1 + (-1 - -4). Let p(v) = 0 + 3*v**2 - 2*v**2 - 6*v - 2 - 2*v**m. What is the units digit of p(-3)?
7
Let l(g) = -g**3 - g**2 - 3*g + 7. Let x be l(-4). Let n = x + -35. What is the units digit of n?
2
Suppose 22 - 106 = -2*w. Suppose 5*d = 4*g - w, -4*d + d = -3*g + 27. What is the units digit of (-22*3/d)/1?
1
Let y(d) be the third derivative of 4*d**2 - 1/24*d**4 - 1/6*d**3 + 0 + 0*d. What is the units digit of y(-4)?
3
What is the hundreds digit of (2149/(-56)*2)/(2/(-8))?
3
Let b = 11 - 9. Let w(d) = -b + 2*d - 3 + 6. What is the units digit of w(8)?
7
Suppose 3*q - j = -2*j - 3, -2*q + 2*j - 10 = 0. What is the units digit of (-52)/(-14) - q/7?
4
Let o be (135 - -4) + 0/(-2). Let s = o - 99. Suppose 0 = -3*d - d + s. What is the units digit of d?
0
Let n = -10 + 20. Suppose 10 = 4*r - 2*y, 0 = -4*r + y + 25 - n. Suppose 3*b - 17 + r = 0. What is the units digit of b?
4
Let q(l) = -l**2 - 8*l - 6. Let m be q(-6). Let a(i) = -2*i + 2. Let k be a(5). Let w = m - k. What is the tens digit of w?
1
Suppose -2*w + 3*y + 161 = -244, -3*y + 207 = w. What is the units digit of w?
4
Let c(v) = v**3 + v + 2. Let s be c(0). Suppose -3*w - 6 = 6. What is the units digit of (s/w)/(2/(-36))?
9
Suppose -16 = -2*p - 6. Suppose -x = -p*x + 16. What is the units digit of x?
4
Let x(h) = -4*h - 8. Let g = -30 + 20. What is the units digit of x(g)?
2
Let v = -38 - -66. What is the units digit of v?
8
Let v = -97 - -182. What is the tens digit of v?
8
Let y(v) = 50*v**3 + v - 2. What is the units digit of y(1)?
9
Let y be -8*(-3)/24*-6. Let f(a) = -3*a - 3*a + 5*a + 3. What is the units digit of f(y)?
9
Let f be 3*(-3 + (-2 - 2)). What is the units digit of (f/(-28))/(1/20)?
5
Let n(a) = 29*a - 60. What is the hundreds digit of n(9)?
2
Let c(s) = -s**3 - 5*s**2 + 4*s - 7. Suppose 24 = -4*p - 0*p. What is the units digit of c(p)?
5
Let r = 22 + 2. What is the tens digit of r?
2
Let k(r) = r + 3. Let u be k(-5). Let o(d) = d**2 + d. Let x be o(u). Suppose 2*n = 4 + x. What is the units digit of n?
3
Let b = -10 - -4. Let t(y) = -3*y - 3. Let q be t(-2). Let u = q - b. What is the units digit of u?
9
Let c be (4/8)/(2/(-12)). Let v(d) = -d**3 - 2*d**2 + d + 1. Let y be v(c). What is the units digit of (-2)/y - 51/(-7)?
7
Let c(y) = y**3 - 25*y**2 + 29*y + 74. What is the tens digit of c(24)?
9
Suppose 3*o = 2*l + 61, 107 = 5*o - 2*l + 4*l. Let a = o - -7. What is the units digit of a?
8
Let k = 7 + -1. Let f = 9 - k. Suppose 10*v - 4*p = 5*v + 50, -f*v + 2*p = -28. What is the units digit of v?
6
What is the units digit of 10/30*(1 - 1) + 2?
2
Let b = 14 - -6. What is the units digit of ((-48)/b)/(3/(-10))?
8
Suppose s - 28 + 9 = -5*u, -3*u + 8 = 4*s. What is the units digit of u*-1 - (3 - 12)?
5
Let u(b) = -b. What is the units digit of u(-3)?
3
Let m = 0 + 3. Suppose -m*b + 16 = b. What is the units digit of b?
4
What is the tens digit of -2 - (-24 - 8/2)?
2
Let g = -4 - -8. Let k be ((-1)/1)/((-2)/g). Suppose -2*m + m = -k*h + 39, 5*m + 15 = 0. What is the units digit of h?
8
Suppose -4*w - 1 = -5. What is the units digit of (-14 - -17)/(w/5)?
5
Suppose -r - 30 = 4*g - 4*r, -5*g - 5*r = 20. Let h(p) = 1 + 4*p + 5*p + p**2 + p**2. What is the units digit of h(g)?
9
Let h(m) = -m**2 + 12*m + 8. What is the tens digit of h(6)?
4
Let d(t) = 3*t**3 - 3*t**2 - 5*t + 6. What is the units digit of d(4)?
0
Let k = -88 + 251. What is the units digit of k?
3
Let m be (-1)/((1 - 2)/2). Let a(i) = -2*i + 1. Let s be a(m). Let c = -1 - s. What is the units digit of c?
2
Let j = -25 + 10. What is the tens digit of 3/j - (-232)/10?
2
Let w be (1 + 0)*-1*15. Let c = w + 10. Let v(t) = -t + 1. What is the units digit of v(c)?
6
Suppose -4*q - 2*q = 516. Let s = -55 - q. What is the units digit of s?
1
Suppose -2*f - 55 = -147. What is the tens digit of f?
4
Suppose 0 = 7*x + 3 - 234. What is the tens digit of x?
3
Let f(o) = o**2 - 4*o. Let y be f(5). Suppose y*i = -10, -2*i = 4*q - 3*i - 26. What is the units digit of q?
6
Suppose -4*t + 6 + 10 = 0. Suppose -j = -0*j - t. What is the units digit of j?
4
What is the units digit of (-3 - (2 + -2)) + 12?
9
Let j be 6 + -1*(1 + 1). Let d be (1 + 0)/(j/8). Suppose 2*x - 4*i - 14 = 0, -d*i + 5*i = 0. What is the units digit of x?
7
Suppose 0 = 3*n - 9, 2*s + 3*n = -2*s + 465. What is the hundreds digit of s?
1
Suppose -3*c = -5*c + 10. Suppose c*j - 15 = 5*w, 0*w - j - 7 = 4*w. Let n(k) = -k + 1. What is the units digit of n(w)?
3
What is the tens digit of (-12)/(-12) + (-38)/(-1)?
3
What is the tens digit of (0 + 20/(-6))*(-23 + 8)?
5
Let s(f) be the second derivative of f**3/3 - 5*f**2/2 - 2*f. Let d be s(-5). What is the units digit of (-6 - d) + 2*-1?
7
Suppose -2*s + 88 = 4. What is the units digit of s?
2
Let d(p) = -2*p**2 + 3*p - 6. Let n be d(4). Let m = n - -17. What is the units digit of (-2 - m) + (1 - 3)?
5
Let t = -447 + 643. What is the hundreds digit of t?
1
Suppose -4*i - 5*q = -13 - 24, -3*i - 2*q + 33 = 0. Suppose 4*n = 19 + i. What is the units digit of n?
8
Suppose 2*w - 7 = 1. Suppose -2*v - 2*m - 4 + 54 = 0, 5*m = -w*v + 97. Suppose -3*n + v = 1. What is the units digit of n?
9
Suppose 2*n + 54 = 4. Let p = 45 + n. What is the tens digit of p?
2
Suppose -u - 5*n = 10, -u + 0*n - 7 = 4*n. Suppose -11 + 151 = u*d. What is the tens digit of d?
2
Suppose j + 2*j + 6 = 0. What is the units digit of (5/(-10))/(j/4)?
1
Suppose -2*w = -w - 1. Let o(u) = w + 5*u + 1 - 5. What is the units digit of o(3)?
2
Suppose 3*o = 5*g + 106, 4*g - 2 = 5*g. What is the tens digit of o?
3
Suppose 0 = 5*h - 63 + 18. Let v = -7 + h. What is the units digit of v?
2
Suppose 15 = -g - 4*g. Let c be -3 + 2 + 0 + -1. What is the units digit of ((-5)/c)/(g/(-6))?
5
Let a(n) = 4*n - 4*n**2 + 4*n**2 + 6*n**2 - 1 + n**3. What is the units digit of a(-5)?
4
Let j be (24/(-9) + 1)*-12. Suppose 7*m = 2*m + j. Suppose -2*c + 4*c - m = 0. What is 